ided by 67?
63
What is the remainder when 118 is divided by 11?
8
What is the remainder when 1497 is divided by 150?
147
What is the remainder when 1604 is divided by 24?
20
What is the remainder when 135 is divided by 15?
0
What is the remainder when 407 is divided by 40?
7
What is the remainder when 289 is divided by 101?
87
What is the remainder when 86 is divided by 76?
10
Calculate the remainder when 267 is divided by 68.
63
Calculate the remainder when 622 is divided by 106.
92
Calculate the remainder when 26 is divided by 18.
8
Calculate the remainder when 2369 is divided by 103.
0
What is the remainder when 832 is divided by 761?
71
What is the remainder when 1465 is divided by 147?
142
Calculate the remainder when 129 is divided by 12.
9
What is the remainder when 2234 is divided by 15?
14
Calculate the remainder when 121 is divided by 14.
9
What is the remainder when 104 is divided by 7?
6
What is the remainder when 918 is divided by 68?
34
What is the remainder when 144 is divided by 21?
18
What is the remainder when 714 is divided by 179?
177
What is the remainder when 723 is divided by 140?
23
Calculate the remainder when 176 is divided by 28.
8
What is the remainder when 1123 is divided by 49?
45
What is the remainder when 779 is divided by 71?
69
Calculate the remainder when 373 is divided by 18.
13
What is the remainder when 591 is divided by 54?
51
Calculate the remainder when 4862 is divided by 2431.
0
What is the remainder when 1648 is divided by 29?
24
What is the remainder when 268 is divided by 18?
16
What is the remainder when 100 is divided by 35?
30
What is the remainder when 472 is divided by 6?
4
What is the remainder when 82 is divided by 30?
22
What is the remainder when 2553 is divided by 509?
8
What is the remainder when 783 is divided by 769?
14
What is the remainder when 353 is divided by 176?
1
Calculate the remainder when 261 is divided by 66.
63
Calculate the remainder when 109 is divided by 6.
1
Calculate the remainder when 92 is divided by 28.
8
What is the remainder when 355 is divided by 11?
3
What is the remainder when 177 is divided by 49?
30
What is the remainder when 169 is divided by 34?
33
What is the remainder when 1817 is divided by 153?
134
Calculate the remainder when 241 is divided by 22.
21
What is the remainder when 200 is divided by 19?
10
Calculate the remainder when 730 is divided by 247.
236
Calculate the remainder when 173 is divided by 48.
29
What is the remainder when 102 is divided by 24?
6
What is the remainder when 350 is divided by 342?
8
What is the remainder when 1325 is divided by 51?
50
What is the remainder when 834 is divided by 7?
1
Calculate the remainder when 1452 is divided by 481.
9
What is the remainder when 298 is divided by 28?
18
Calculate the remainder when 438 is divided by 49.
46
Calculate the remainder when 777 is divided by 27.
21
Calculate the remainder when 403 is divided by 68.
63
What is the remainder when 147 is divided by 74?
73
What is the remainder when 73 is divided by 12?
1
Calculate the remainder when 3432 is divided by 216.
192
What is the remainder when 133 is divided by 62?
9
What is the remainder when 429 is divided by 9?
6
What is the remainder when 269 is divided by 11?
5
Calculate the remainder when 106 is divided by 38.
30
What is the remainder when 310 is divided by 107?
96
What is the remainder when 616 is divided by 308?
0
What is the remainder when 58 is divided by 7?
2
What is the remainder when 508 is divided by 74?
64
Calculate the remainder when 96 is divided by 38.
20
Calculate the remainder when 714 is divided by 34.
0
What is the remainder when 1653 is divided by 46?
43
Calculate the remainder when 1579 is divided by 51.
49
What is the remainder when 4755 is divided by 169?
23
What is the remainder when 3018 is divided by 57?
54
Calculate the remainder when 308 is divided by 104.
100
What is the remainder when 344 is divided by 23?
22
Calculate the remainder when 1791 is divided by 14.
13
What is the remainder when 78 is divided by 15?
3
What is the remainder when 65 is divided by 22?
21
What is the remainder when 407 is divided by 31?
4
What is the remainder when 2366 is divided by 23?
20
What is the remainder when 147 is divided by 3?
0
Calculate the remainder when 1132 is divided by 187.
10
Calculate the remainder when 789 is divided by 191.
25
Calculate the remainder when 812 is divided by 6.
2
Calculate the remainder when 671 is divided by 257.
157
What is the remainder when 261 is divided by 61?
17
Calculate the remainder when 556 is divided by 72.
52
What is the remainder when 230 is divided by 60?
50
Calculate the remainder when 138 is divided by 127.
11
What is the remainder when 3966 is divided by 16?
14
What is the remainder when 1057 is divided by 76?
69
What is the remainder when 53 is divided by 40?
13
What is the remainder when 1003 is divided by 72?
67
What is the remainder when 367 is divided by 90?
7
Calculate the remainder when 586 is divided by 42.
40
Calculate the remainder when 173 is divided by 8.
5
Calculate the remainder when 92 is divided by 36.
20
What is the remainder when 185 is divided by 68?
49
What is the remainder when 539 is divided by 41?
6
What is the remainder when 573 is divided by 16?
13
What is the remainder when 91 is divided by 33?
25
Calculate the remainder when 373 is divided by 62.
1
What is the remainder when 1474 is divided by 85?
29
Calculate the remainder when 3243 is divided by 191.
187
What is the remainder when 1629 is divided by 17?
14
What is the remainder when 106 is divided by 19?
11
What is the remainder when 1982 is divided by 66?
2
What is the remainder when 176 is divided by 119?
57
Calculate the remainder when 270 is divided by 64.
14
Calculate the remainder when 3789 is divided by 158.
155
What is the remainder when 252 is divided by 17?
14
Calculate the remainder when 619 is divided by 138.
67
What is the remainder when 1497 is divided by 7?
6
What is the remainder when 2338 is divided by 36?
34
Calculate the remainder when 657 is divided by 66.
63
What is the remainder when 51 is divided by 23?
5
Calculate the remainder when 1188 is divided by 241.
224
What is the remainder when 1668 is divided by 167?
165
Calculate the remainder when 164 is divided by 21.
17
Calculate the remainder when 354 is divided by 20.
14
What is the remainder when 150 is divided by 27?
15
Calculate the remainder when 278 is divided by 56.
54
Calculate the remainder when 307 is divided by 45.
37
What is the remainder when 10673 is divided by 22?
3
What is the remainder when 952 is divided by 137?
130
Calculate the remainder when 485 is divided by 49.
44
Calculate the remainder when 86981 is divided by 19.
18
Calculate the remainder when 359 is divided by 164.
31
What is the remainder when 1185 is divided by 238?
233
Calculate the remainder when 81 is divided by 15.
6
Calculate the remainder when 3871 is divided by 19.
14
Calculate the remainder when 914 is divided by 21.
11
Calculate the remainder when 1548 is divided by 514.
6
What is the remainder when 7408 is divided by 17?
13
Calculate the remainder when 762 is divided by 760.
2
What is the remainder when 115 is divided by 10?
5
Calculate the remainder when 35 is divided by 32.
3
What is the remainder when 945 is divided by 126?
63
What is the remainder when 400 is divided by 87?
52
Calculate the remainder when 107 is divided by 56.
51
What is the remainder when 2247 is divided by 1106?
35
Calculate the remainder when 12333 is divided by 187.
178
What is the remainder when 4795 is divided by 14?
7
Calculate the remainder when 3322 is divided by 79.
4
Calculate the remainder when 457 is divided by 23.
20
Calculate the remainder when 1918 is divided by 48.
46
What is the remainder when 31 is divided by 5?
1
What is the remainder when 61 is divided by 4?
1
Calculate the remainder when 412 is divided by 53.
41
Calculate the remainder when 1426 is divided by 22.
18
What is the remainder when 1670 is divided by 207?
14
What is the remainder when 3539 is divided by 14?
11
What is the remainder when 15983 is divided by 74?
73
Calculate the remainder when 40 is divided by 12.
4
What is the remainder when 26823 is divided by 29?
27
What is the re